et d(b) = b**3 + 15*b**2 + 101. Calculate d(-16).
-155
Let d(r) = -13*r - 513. What is d(-39)?
-6
Let i(z) = -z**3 - 11*z**2 - 57*z - 246. Determine i(-8).
18
Let j(f) = -f**2 - 16*f - 35. Give j(-14).
-7
Let m(x) = 39*x + 1961. Calculate m(-51).
-28
Let m(k) = -k**2 - 19*k - 108. Determine m(-12).
-24
Let j(d) = 44*d**3 + 2*d - 1. Calculate j(1).
45
Let k(x) = -8*x**2 - 66*x + 275. What is k(4)?
-117
Let n(p) = -p**2 + 38*p - 14. Determine n(34).
122
Let r(w) = -70*w - 243. Give r(-5).
107
Let q(a) = 6*a**2 - 14*a - 268. What is q(8)?
4
Let q(j) = 4*j**3 + 2*j**2 + 3*j - 22. What is q(2)?
24
Let y(m) = 1520*m + 12153. What is y(-8)?
-7
Let s(b) = b**3 - 77*b**2 - 12560*b - 6. Give s(-80).
-6
Let w(m) = -76*m - 2858. What is w(-40)?
182
Let h(m) = 258*m**2 + m - 1. Determine h(1).
258
Let h(l) = -22*l - 189. Determine h(-25).
361
Let b(c) = 29*c**2 + 323*c + 57. Determine b(-11).
13
Let j(h) = 2*h**3 + 7*h**2 + 30*h + 152. Determine j(-8).
-664
Let f(a) = -159*a + 1234. Give f(9).
-197
Let f(y) = 8*y**2 + 15*y + 7. Determine f(5).
282
Let p(w) = -61*w - 9469. Give p(-155).
-14
Let a(n) = -n**2 + 77*n + 3535. Give a(109).
47
Let b(n) = 26*n - 251. Calculate b(10).
9
Let x(s) = 3*s**2 + s - 13. Give x(-6).
89
Let l(x) = -9*x**3 - 343*x**2 - 39*x - 29. What is l(-38)?
9
Let d(s) = 2*s**2 + 152*s - 947. What is d(6)?
37
Let t(n) = 176*n**2 + 10*n + 10. What is t(-1)?
176
Let x(d) = -481*d + 2259. Determine x(5).
-146
Let z(t) = t**3 - 16*t**2 - 17*t + 10. Determine z(14).
-620
Let u(v) = -v**3 + 11*v**2 + 14*v - 186. Calculate u(11).
-32
Let d(z) = 265*z + 8468. Calculate d(-32).
-12
Let n(p) = -5*p**2 - 4*p + 8. Calculate n(3).
-49
Let i(g) = -g**2 - 28*g - 13. Give i(-22).
119
Let m(g) = -g**3 + 53*g**2 - 239*g - 38. Calculate m(48).
10
Let n(m) = 199*m + 18. Calculate n(-1).
-181
Let z(m) = -m**3 - 21*m**2 + 72*m - 58. What is z(2)?
-6
Let a(g) = 22*g + 1013. What is a(-46)?
1
Let v(w) = -213*w + 423. Calculate v(2).
-3
Let d(x) = x**3 - 13*x**2 + 18*x - 86. What is d(12)?
-14
Let x(o) = o**2 + 7*o - 18634. Determine x(133).
-14
Let l(y) = 44*y**2 - 60*y + 7. Determine l(0).
7
Let m(d) = -d**3 - 24*d**2 + 2*d + 39. Give m(-24).
-9
Let m(k) = -k**3 - 13*k**2 + 4*k + 18. Calculate m(-12).
-174
Let q(a) = 318*a - 1455. Give q(5).
135
Let j(v) = 2*v**2 - 188*v + 3973. Calculate j(62).
5
Let j(z) = 3*z**2 - 67*z - 994. Give j(-10).
-24
Let v(k) = 83*k + 3658. Give v(-44).
6
Let y(d) = -853*d - 5974. Calculate y(-7).
-3
Let v(y) = -19*y**2 - 9*y - 2. What is v(2)?
-96
Let y(o) = -2*o**3 + 24*o**2 - 110*o + 47. Determine y(8).
-321
Let a(w) = 26*w + 492. Calculate a(-20).
-28
Let p(l) = l**3 - 8*l**2 - 8*l + 19. Calculate p(9).
28
Let p(b) = 203*b + 2030. Give p(-10).
0
Let a(p) = 2*p**3 + 25*p**2 - 5*p + 11. Give a(-13).
-93
Let v(j) = -8*j**3 + 7*j**2 - 7*j - 4. Calculate v(4).
-432
Let h(o) = -32*o**2 - 385*o + 39. What is h(-12)?
51
Let d(x) = 21*x + 69. What is d(-5)?
-36
Let s(q) = 2*q**2 - 26*q - 224. Give s(-6).
4
Let k(i) = -3*i**3 - 100*i**2 - 40*i - 114. Give k(-33).
117
Let o(p) = 5*p**3 + 3*p**2 + 5*p + 5. Calculate o(-2).
-33
Let o(s) = 480*s + 1448. Calculate o(-3).
8
Let u(m) = -53*m - 920. What is u(-20)?
140
Let f(x) = -x**2 + 27*x - 7. What is f(15)?
173
Let p(l) = -88*l - 3599. What is p(-41)?
9
Let v(w) = 2*w**2 - 7*w - 98. What is v(-7)?
49
Let t(c) = 9*c**3 - 5*c**2 + 77*c + 156. What is t(-2)?
-90
Let b(t) = -2*t**3 + 22*t**2 + 250*t + 28. Determine b(18).
-8
Let h(u) = -u**2 - 24*u + 295. Calculate h(-33).
-2
Let p(d) = d**2 + 17*d - 480. Calculate p(15).
0
Let z(l) = 37*l + 124. What is z(-6)?
-98
Let t(a) = 15*a**3 - 224*a**2 + 43*a - 877. Give t(15).
-7
Let t(m) = -51*m + 6026. Determine t(119).
-43
Let p(l) = -18*l**2 + 139*l + 212. Calculate p(9).
5
Let q(g) = -296*g - 102411. Determine q(-346).
5
Let g(w) = -12*w - 421. Determine g(-38).
35
Let m(y) = -3*y**2 + 30*y - 98. Calculate m(10).
-98
Let b(u) = u**3 + 97*u**2 - 107*u - 856. Give b(-98).
26
Let j(t) = -80*t + 261. What is j(-6)?
741
Let b(f) = -f**3 + 7*f**2 + 11*f - 80. Give b(7).
-3
Let j(l) = -7*l**2 + 148*l + 25. Calculate j(16).
601
Let d(c) = -95*c + 302. Determine d(3).
17
Let w(q) = 4*q**2 - 8*q + 2. What is w(3)?
14
Let m(p) = -p**3 - 13*p**2 - p - 99. Calculate m(-14).
111
Let a(f) = -f**3 + 50*f**2 - 88*f + 1909. Give a(49).
-2
Let f(x) = -29*x - 77. Give f(-3).
10
Let z(h) = 9*h + 135. What is z(-12)?
27
Let a(v) = 28*v + 265. What is a(-9)?
13
Let l(b) = -246*b + 10586. Give l(43).
8
Let k(v) = 102*v**2 + 61*v + 73. Calculate k(-2).
359
Let h(c) = c**2 - 8*c + 25. Calculate h(0).
25
Let h(q) = -q**2 - 140*q - 2600. Give h(-118).
-4
Let x(c) = -2*c**2 - 4*c - 21. Give x(-7).
-91
Let l(n) = -15*n**2 - 280*n - 1128. Determine l(-4).
-248
Let h(t) = -4*t**3 - 37*t**2 - 49*t + 146. Determine h(-7).
48
Let z(p) = -2*p**3 + 56*p**2 - 150*p - 16. Determine z(25).
-16
Let x(k) = 3*k**2 + 8*k - 114. Give x(6).
42
Let z(g) = -53*g - 1373. Give z(-25).
-48
Let y(d) = d**3 + 34*d**2 + 85*d + 68. Determine y(-31).
316
Let x(b) = -2645*b - 5335. Give x(-2).
-45
Let x(m) = -1063*m + 34. What is x(0)?
34
Let x(n) = -2*n**2 + n + 897. Determine x(-21).
-6
Let x(f) = 478*f + 1431. Determine x(-3).
-3
Let d(a) = a**3 + 5*a**2 + 8*a + 101. Calculate d(-9).
-295
Let y(z) = z**3 + 5*z**2 - 4*z - 255. Determine y(0).
-255
Let l(z) = 24*z - 569. Determine l(20).
-89
Let x(t) = -t**3 - 3*t**2 + 10*t + 31. Give x(-6).
79
Let y(g) = -g**2 - 59*g + 954. What is y(14)?
-68
Let x(s) = 1407*s - 95669. Calculate x(68).
7
Let p(t) = -t**2 + 48*t - 462. Determine p(33).
33
Let k(f) = -94*f - 265. What is k(-3)?
17
Let o(s) = 167*s + 5025. What is o(-29)?
182
Let q(s) = -4*s**2 + 80*s + 115. Determine q(21).
31
Let c(x) = -11*x - 198. What is c(-15)?
-33
Let h(d) = 2*d**2 - 8*d - 11. Give h(6).
13
Let h(y) = y**3 + y**2 - 120*y - 5. Calculate h(0).
-5
Let n(u) = -2*u**3 - 3*u**2 + 34*u - 5. Determine n(-6).
115
Let p(g) = -5268*g - 15788. What is p(-3)?
16
Let g(i) = -i**3 + 50*i**2 - 140*i - 15. Determine g(47).
32
Let h(q) = -q**3 + 13*q**2 - 29*q + 40. Determine h(11).
-37
Let d(o) = 4380*o - 30621. Determine d(7).
39
Let b(f) = 2*f**3 - 11*f**2 - 3*f + 1. Calculate b(7).
127
Let c(k) = 15*k + 273. Calculate c(-13).
78
Let w(k) = -k**3 + 22*k**2 - 77*k - 15. Give w(17).
121
Let x(w) = 5*w**3 + 47*w**2 + 85*w + 644. What is x(-9)?
41
Let g(o) = -o**3 - 8*o**2 + 23*o + 130. Give g(-9).
4
Let i(k) = -3*k**3 + 14*k**2 - 40*k + 5. Give i(4).
-123
Let u(d) = -3*d**3 - 8*d**2 + 10*d + 45. Determine u(-3).
24
Let x(g) = 82*g + 10080. What is x(-123)?
-6
Let z(k) = -9*k - 343. Determine z(-16).
-199
Let t(l) = l**3 - 14*l**2 - 25*l + 81. Determine t(14).
-269
Let r(t) = -2183*t - 10917. What is r(-5)?
-2
Let m(i) = -3*i**3 - 4*i**2 - 6*i - 7. Give m(-3).
56
Let s(t) = -2*t**2 + 120*t - 632. Calculate s(54).
16
Let v(g) = 313*g - 1197. Calculate v(4).
55
Let c(b) = 258*b**3 - 14*b + 14. What is c(1)?
258
Let f(p) = 2*p**2 - 21*p - 326. Calculate f(-8).
-30
Let z(x) = -2*x**3 - 2*x**2 + 12*x - 8. What is z(-4)?
40
Let a(j) = -3*j**3 + 39*j**2 + 7*j - 192. Determine a(13).
-101
Let n(k) = -4*k**2 + 172*k + 1632. Calculate n(51).
0
Let p(c) = -9*c**3 - 103*c**2 + 54*c - 79. Give p(-12).
-7
Let j(h) = h**3 + 44*h**2 - 200*h - 346. What is j(-48)?
38
Let l(x) = 696*x + 48728. Calculate l(-70).
8
Let n(h) = -4*h**2 - 3904*h + 3902. Calculate n(1).
-6
Let y(g) = -g + 137. Give y(-18).
155
Let z(o) = -14*o - 1005. Calculate z(-73).
17
Let l(y) = -2*y**2 - 89*y - 755. Determine l(-33).
4
Let v(o) = 4*o**2 - 15*o - 89. Determine v(-9).
370
Let f(w) = 2*w**2 - 60*w - 146. Calculate f(32).
-18
Let k(n) = -2*n**2 - 111*n - 823. Give k(-45).
122
Let p(t) = 780*t + 3099. Determine p(-4).
-21
Let f(t) = t**3 - 25*t**2 - 29*t + 679. Give f(25).
-46
Let b(v) = -2*v**2 - 108*v + 1729. Give b(-67).
-13
Let u(a) = 4*a**3 - 7*a + 5. Calculate u(3).
92
Let v(b) = 6*b + 39. Give v(-6).
3
Let v(t) = -21*t**2 - 13*t + 12. Give v(6).
-822
Let a(y) = -19*y**2 + 256*y - 256. Give a(1).
-19
Let n(z) = z**3 - 6*z**2 + 19*z - 77. Give n(5).
-7
Let u(s) = -13*s**2 + 817*s + 134. What is u(63)?
8
Let q(l) = 4*l**3 + 34*l**2 + 108*l - 14. Calculate q(-6).
-302
Let m(x) = -629*x + 1042. What is m(2)?
-216
Let w(v) = 17*v**